or of 1851344388?
True
Is 2036 a factor of 363438216?
True
Is 3 a factor of 40071548?
False
Does 6 divide 71835732?
True
Does 166 divide 30125563?
False
Is 99 a factor of 13866435?
True
Does 157 divide 47257942?
True
Is 1335235036 a multiple of 36?
False
Does 574 divide 507226840?
False
Is 16 a factor of 61818166?
False
Is 153219828 a multiple of 404?
True
Is 4726088622 a multiple of 8730?
False
Does 51 divide 362499840?
True
Is 2598935445 a multiple of 1461?
False
Is 69147366 a multiple of 1367?
False
Is 106908860 a multiple of 881?
False
Does 160 divide 82565946?
False
Is 1469734848 a multiple of 522?
True
Is 3311028 a multiple of 9?
True
Does 88 divide 40613429?
False
Is 2 a factor of 703309?
False
Does 250 divide 266031687?
False
Is 7 a factor of 193615889?
False
Is 120118056 a multiple of 527?
True
Is 122 a factor of 250873801?
False
Is 21922541 a multiple of 11?
False
Does 2929 divide 106893855?
True
Is 1982 a factor of 87542686?
False
Is 739026819 a multiple of 7271?
False
Is 99789732 a multiple of 21?
True
Is 19 a factor of 73706346?
False
Does 5098 divide 25795880?
True
Is 1361 a factor of 5401809?
True
Does 196 divide 1651725320?
True
Is 2038787805 a multiple of 498?
False
Does 2 divide 7233258?
True
Is 515 a factor of 103652505?
True
Is 103239297 a multiple of 108?
False
Is 8353284 a multiple of 4?
True
Is 7 a factor of 4983501?
False
Does 10 divide 17814048?
False
Is 499 a factor of 23173560?
True
Does 209 divide 62521723?
True
Is 3292374594 a multiple of 18?
False
Does 3 divide 1217299440?
True
Is 134 a factor of 383375742?
True
Is 35326956 a multiple of 84?
True
Is 50 a factor of 349604876?
False
Does 14 divide 410749154?
False
Is 42 a factor of 23436546?
True
Does 2855 divide 211484125?
True
Is 468 a factor of 136607796?
True
Is 6193325 a multiple of 23?
True
Is 1130601670 a multiple of 32?
False
Is 5 a factor of 100107732?
False
Is 217393086 a multiple of 6?
True
Does 148 divide 104613504?
True
Does 4 divide 10816040?
True
Is 237315990 a multiple of 12?
False
Is 203809415 a multiple of 977?
False
Is 2563468 a multiple of 125?
False
Is 957302762 a multiple of 974?
False
Does 459 divide 25353324?
True
Is 57 a factor of 142326270?
False
Is 31 a factor of 53254311?
True
Does 459 divide 206038806?
False
Does 995 divide 992091615?
True
Does 33 divide 7221750657?
True
Is 606387888 a multiple of 10596?
True
Is 249214486 a multiple of 37?
False
Does 36 divide 60938784?
True
Is 79 a factor of 1071222225?
True
Is 79995689 a multiple of 5?
False
Is 45 a factor of 1376721855?
True
Does 9057 divide 1891744235?
False
Is 1111 a factor of 1621304520?
True
Is 2388408 a multiple of 66?
True
Is 54 a factor of 174321385?
False
Does 12 divide 176179514?
False
Is 48249653 a multiple of 464?
False
Is 177896375 a multiple of 1075?
True
Is 4310 a factor of 3277948950?
True
Is 21859314 a multiple of 34?
True
Does 505 divide 123558919?
False
Is 4502962058 a multiple of 17?
False
Is 284812080 a multiple of 560?
True
Does 172 divide 116785679?
False
Is 1404 a factor of 147801888?
True
Is 1661197419 a multiple of 63?
True
Does 12 divide 400476060?
True
Is 33 a factor of 14610321?
True
Is 11 a factor of 450208473?
True
Is 797 a factor of 7606226?
False
Is 518 a factor of 45933650?
True
Is 7 a factor of 436925307?
True
Does 1913 divide 147635775?
True
Does 43 divide 5630248?
True
Is 232 a factor of 68945296?
True
Is 17 a factor of 24942855?
False
Is 3644155397 a multiple of 313?
True
Is 6 a factor of 1433281482?
True
Is 21 a factor of 10632088?
False
Is 77822094 a multiple of 839?
False
Does 27 divide 16626817?
False
Is 1676572058 a multiple of 342?
False
Is 3039 a factor of 22288026?
True
Is 1545210446 a multiple of 661?
True
Is 322875444 a multiple of 44?
False
Is 3078 a factor of 192097622?
False
Is 1824 a factor of 58986336?
True
Does 770 divide 96552610?
True
Does 1082 divide 319593586?
True
Does 897 divide 43475796?
True
Does 19 divide 402984813?
True
Does 74 divide 422169704?
True
Is 322738616 a multiple of 90?
False
Is 14 a factor of 11532646?
False
Is 259 a factor of 331788324?
True
Does 230 divide 33085040?
True
Is 861501534 a multiple of 2228?
False
Is 94 a factor of 36161894?
True
Is 530 a factor of 3030469378?
False
Does 1201 divide 48755796?
True
Is 32 a factor of 68971499?
False
Is 19722183 a multiple of 471?
True
Is 195604386 a multiple of 17?
False
Does 430 divide 2896480?
True
Is 2052 a factor of 135487415?
False
Is 8317696 a multiple of 64?
True
Does 551 divide 549271712?
False
Does 459 divide 3657614?
False
Does 3 divide 381039944?
False
Is 851 a factor of 7222198?
False
Is 1252 a factor of 692032984?
True
Is 10 a factor of 67509560?
True
Is 871487214 a multiple of 9267?
True
Is 19 a factor of 77784727?
True
Is 676 a factor of 224936296?
True
Is 3875 a factor of 139035000?
True
Is 48102837 a multiple of 68?
False
Is 543 a factor of 609503925?
True
Is 13 a factor of 932820268?
False
Is 130414825 a multiple of 185?
True
Is 134268787 a multiple of 1128?
False
Is 952 a factor of 58327485?
False
Is 18 a factor of 100079632?
False
Is 1023 a factor of 243216204?
True
Is 1665931158 a multiple of 27?
True
Is 32 a factor of 38076832?
True
Does 8 divide 67423399?
False
Does 63 divide 181899954?
False
Is 35 a factor of 50283450?
True
Is 28233329 a multiple of 30?
False
Is 1507523907 a multiple of 23?
False
Is 56177562 a multiple of 2226?
True
Is 8 a factor of 190768094?
False
Is 547546530 a multiple of 1270?
True
Is 49990018 a multiple of 40?
False
Is 3812 a factor of 1379186376?
False
Is 54 a factor of 976836860?
False
Does 7 divide 3681842202?
False
Is 56 a factor of 110117368?
False
Does 38 divide 142349558?
True
Is 761 a factor of 142264335?
False
Is 18 a factor of 22302178?
False
Is 692 a factor of 500130701?
False
Does 18 divide 11243430?
True
Is 9 a factor of 2033859?
False
Is 17 a factor of 17579515?
False
Is 28680982 a multiple of 1243?
True
Is 18 a factor of 57485741?
False
Is 50162469 a multiple of 680?
False
Is 208696422 a multiple of 11?
True
Is 23625867 a multiple of 397?
True
Is 173697319 a multiple of 202?
False
Does 242 divide 5201428936?
True
Is 1439 a factor of 26194117?
True
Does 201 divide 13823775?
True
Is 8282952 a multiple of 342?
False
Is 32690814 a multiple of 426?
True
Does 17 divide 6143831617?
False
Is 2015 a factor of 269022120?
False
Does 1113 divide 140086632?
True
Is 42742799 a multiple of 86?
False
Is 30 a factor of 1203021000?
True
Is 13959250 a multiple of 147?
False
Is 550835360 a multiple of 32?
True
Does 27 divide 3263556?
False
Is 5 a factor of 1164759100?
True
Is 37111750 a multiple of 494?
True
Is 172 a factor of 2190072732?
True
Is 8 a factor of 203372656?
True
Is 551874682 a multiple of 31?
False
Is 3655 a factor of 46925368?
False
Is 360 a factor of 73044720?
True
Is 14338030 a multiple of 257?
True
Is 60 a factor of 3928763542?
False
Is 1001 a factor of 104563459?
True
Is 54 a factor of 532152656?
False
Is 316173558 a multiple of 908?
False
Is 48543002 a multiple of 94?
False
Is 217 a factor of 386907528?
True
Is 2102514558 a multiple of 106?
True
Is 254 a factor of 424676453?
False
Is 551338101 a multiple of 153?
True
Is 997797568 a multiple of 16?
True
Is 9390555 a multiple of 989?
True
Does 367 divide 191435641?
True
Is 20 a factor of 16379300?
True
Does 28 divide 56507535?
False
Does 102 divide 962183683?
False
Is 22076214 a multiple of 1182?
True
Is 428394894 a multiple of 5?
False
Is 218 a factor of 7355756?
True
Does 119 divide 712145980?
True
Is 106 a factor of 4785264?
True
Is 407378323 a multiple of 33?
False
Does 103 divide 556729729?
True
Is 721684782 a multiple of 714?
True
Is 72685582 a multiple of 9?
False
Is 129382932 a multiple of 532?
True
Is 354356343 a multiple of 12?
False
Does 1921 divide 14389355?
False
Is 20 a factor of 2975500?
True
Is 619339863 a multiple of 233?
True
Is 32372907 even?
False
Is 46635507 a multiple of 12?
False
Is 4809415136 a multiple of 1898?
False
Is 193 a factor of 32397250?
False
Is 11726752 a multiple of 8?
True
Is 11290917 a multiple of 11?
True
Does 5 divide 15791070?
True
Is 6879222 a multiple of 126?
True
Does 174 divide 4189386?
False
Does 111 divide 72498535?
False
Is 3830 a factor of 34615540?
True
Is 11 a factor of 1292424727?
True
Is 555545710 a 